hen 533 is divided by 15?
8
Calculate the remainder when 204 is divided by 111.
93
Calculate the remainder when 253 is divided by 52.
45
What is the remainder when 429 is divided by 37?
22
What is the remainder when 755 is divided by 42?
41
What is the remainder when 2131 is divided by 27?
25
What is the remainder when 510 is divided by 32?
30
Calculate the remainder when 2181 is divided by 57.
15
What is the remainder when 1203 is divided by 310?
273
What is the remainder when 260 is divided by 62?
12
Calculate the remainder when 244 is divided by 124.
120
Calculate the remainder when 970 is divided by 309.
43
Calculate the remainder when 1613 is divided by 6.
5
What is the remainder when 223 is divided by 80?
63
Calculate the remainder when 159 is divided by 58.
43
Calculate the remainder when 914 is divided by 259.
137
What is the remainder when 777 is divided by 15?
12
What is the remainder when 40 is divided by 6?
4
Calculate the remainder when 16333 is divided by 9.
7
What is the remainder when 15 is divided by 15?
0
What is the remainder when 715 is divided by 45?
40
Calculate the remainder when 71 is divided by 7.
1
Calculate the remainder when 520 is divided by 196.
128
Calculate the remainder when 278 is divided by 184.
94
What is the remainder when 2057 is divided by 165?
77
What is the remainder when 1496 is divided by 12?
8
What is the remainder when 534 is divided by 101?
29
What is the remainder when 425 is divided by 61?
59
What is the remainder when 59 is divided by 18?
5
What is the remainder when 185 is divided by 47?
44
What is the remainder when 70 is divided by 18?
16
What is the remainder when 219 is divided by 107?
5
What is the remainder when 528 is divided by 19?
15
What is the remainder when 5523 is divided by 17?
15
What is the remainder when 1847 is divided by 42?
41
What is the remainder when 1322 is divided by 39?
35
Calculate the remainder when 1153 is divided by 33.
31
Calculate the remainder when 175 is divided by 162.
13
What is the remainder when 481 is divided by 114?
25
What is the remainder when 5430 is divided by 9?
3
Calculate the remainder when 165 is divided by 13.
9
Calculate the remainder when 355 is divided by 72.
67
What is the remainder when 2040 is divided by 28?
24
Calculate the remainder when 309 is divided by 52.
49
What is the remainder when 5411 is divided by 41?
40
What is the remainder when 15858 is divided by 130?
128
What is the remainder when 6193 is divided by 4?
1
What is the remainder when 371 is divided by 24?
11
What is the remainder when 107 is divided by 58?
49
What is the remainder when 1105 is divided by 341?
82
What is the remainder when 428 is divided by 39?
38
Calculate the remainder when 6085 is divided by 21.
16
Calculate the remainder when 793 is divided by 385.
23
Calculate the remainder when 578 is divided by 39.
32
Calculate the remainder when 390 is divided by 99.
93
What is the remainder when 151 is divided by 8?
7
Calculate the remainder when 99 is divided by 75.
24
Calculate the remainder when 401 is divided by 135.
131
What is the remainder when 17763 is divided by 55?
53
What is the remainder when 2864 is divided by 151?
146
What is the remainder when 3572 is divided by 25?
22
Calculate the remainder when 631 is divided by 53.
48
Calculate the remainder when 4413 is divided by 32.
29
What is the remainder when 535 is divided by 138?
121
What is the remainder when 165 is divided by 14?
11
Calculate the remainder when 561 is divided by 24.
9
What is the remainder when 11309 is divided by 78?
77
Calculate the remainder when 214 is divided by 73.
68
What is the remainder when 127 is divided by 78?
49
Calculate the remainder when 165 is divided by 127.
38
Calculate the remainder when 62 is divided by 13.
10
Calculate the remainder when 472 is divided by 205.
62
What is the remainder when 105 is divided by 58?
47
What is the remainder when 3902 is divided by 244?
242
Calculate the remainder when 374 is divided by 54.
50
What is the remainder when 1754 is divided by 146?
2
Calculate the remainder when 9345 is divided by 246.
243
Calculate the remainder when 639 is divided by 27.
18
Calculate the remainder when 10077 is divided by 44.
1
Calculate the remainder when 9439 is divided by 40.
39
What is the remainder when 88 is divided by 9?
7
What is the remainder when 719 is divided by 45?
44
Calculate the remainder when 3003 is divided by 599.
8
What is the remainder when 847 is divided by 375?
97
What is the remainder when 48 is divided by 17?
14
Calculate the remainder when 394 is divided by 44.
42
What is the remainder when 440 is divided by 49?
48
What is the remainder when 787 is divided by 79?
76
Calculate the remainder when 1480 is divided by 13.
11
What is the remainder when 564 is divided by 57?
51
What is the remainder when 3989 is divided by 21?
20
What is the remainder when 690 is divided by 230?
0
Calculate the remainder when 2728 is divided by 105.
103
What is the remainder when 199 is divided by 71?
57
Calculate the remainder when 157 is divided by 11.
3
Calculate the remainder when 11598 is divided by 100.
98
What is the remainder when 608 is divided by 87?
86
Calculate the remainder when 187 is divided by 184.
3
Calculate the remainder when 424 is divided by 127.
43
What is the remainder when 628 is divided by 8?
4
What is the remainder when 210 is divided by 51?
6
Calculate the remainder when 823 is divided by 55.
53
What is the remainder when 799 is divided by 8?
7
Calculate the remainder when 103 is divided by 60.
43
Calculate the remainder when 1102 is divided by 46.
44
What is the remainder when 463 is divided by 58?
57
Calculate the remainder when 735 is divided by 142.
25
Calculate the remainder when 862 is divided by 13.
4
Calculate the remainder when 3868 is divided by 204.
196
What is the remainder when 2013 is divided by 111?
15
What is the remainder when 291 is divided by 17?
2
Calculate the remainder when 16 is divided by 7.
2
Calculate the remainder when 84 is divided by 74.
10
What is the remainder when 1408 is divided by 15?
13
What is the remainder when 266 is divided by 13?
6
Calculate the remainder when 26316 is divided by 16.
12
Calculate the remainder when 239 is divided by 19.
11
What is the remainder when 164 is divided by 34?
28
Calculate the remainder when 1087 is divided by 7.
2
What is the remainder when 301 is divided by 38?
35
Calculate the remainder when 3563 is divided by 22.
21
What is the remainder when 680 is divided by 9?
5
What is the remainder when 14253 is divided by 81?
78
Calculate the remainder when 143 is divided by 63.
17
What is the remainder when 741 is divided by 19?
0
Calculate the remainder when 1361 is divided by 172.
157
Calculate the remainder when 310 is divided by 80.
70
What is the remainder when 17274 is divided by 24?
18
Calculate the remainder when 5416 is divided by 1795.
31
Calculate the remainder when 3218 is divided by 52.
46
Calculate the remainder when 541 is divided by 178.
7
Calculate the remainder when 4128 is divided by 80.
48
Calculate the remainder when 152 is divided by 52.
48
What is the remainder when 196 is divided by 47?
8
Calculate the remainder when 19938 is divided by 51.
48
Calculate the remainder when 281 is divided by 238.
43
What is the remainder when 307 is divided by 31?
28
What is the remainder when 69 is divided by 24?
21
Calculate the remainder when 872 is divided by 38.
36
What is the remainder when 7945 is divided by 11?
3
What is the remainder when 1140 is divided by 34?
18
Calculate the remainder when 332 is divided by 51.
26
Calculate the remainder when 834 is divided by 8.
2
What is the remainder when 220 is divided by 81?
58
Calculate the remainder when 270 is divided by 17.
15
Calculate the remainder when 367 is divided by 248.
119
What is the remainder when 308 is divided by 45?
38
What is the remainder when 95 is divided by 52?
43
What is the remainder when 495 is divided by 4?
3
What is the remainder when 433 is divided by 27?
1
What is the remainder when 289 is divided by 155?
134
What is the remainder when 1363 is divided by 65?
63
Calculate the remainder when 38 is divided by 16.
6
What is the remainder when 82 is divided by 28?
26
Calculate the remain